e 4*q - 26 + 1 = -3*z, 2*q = 8. Suppose -z*v - 4*o = 2*v + 9, 5*v - 4*o + 41 = 0. What is the units digit of (-14)/v*(5 - 0)?
4
Suppose 2 = k + 4. Let t = k - -6. What is the units digit of t?
4
Suppose -3*h + r = 6, 4*h + 4 + 4 = 4*r. Let j = h + 7. What is the units digit of (j - (-1 - 0)) + 0?
6
Suppose -2*d + 140 = 2*d. What is the tens digit of d?
3
Let k(h) = -h**3 + 9*h**2 - h + 6. What is the tens digit of k(7)?
9
Let l be -1 - -1*9 - 3. Let k be (-6)/l*10/(-3). What is the tens digit of (-3*k)/((-4)/6)?
1
Let u(t) = t**2 + 12*t + 4. Let w be u(-12). Suppose -18 = w*k - n - 2*n, -3*k + 3*n = 15. What is the units digit of (36/15)/(k/(-10))?
8
Let q be (-2)/(-4) + (-3)/2. Let c = 3 + q. What is the units digit of c?
2
Suppose 0 = 4*t - 4*m - 296, 3*m = -4*t + 3*t + 74. Suppose -2*h = -t + 14. What is the units digit of h?
0
Let p(w) = -w**3 - 6*w**2 + 3. Let a be p(-6). Suppose a = 3*z - 4*z, -4*z + 33 = 3*b. What is the units digit of b?
5
Let j = 53 - 2. What is the tens digit of j?
5
Let p = 19 + -1. Suppose -21 = -3*b + p. What is the units digit of b?
3
Let i = -4 - -22. What is the units digit of (i/5)/(3/30)?
6
Let i(l) = -l**2 + 0 - 2 + l - 2 + 3. Let r be i(2). What is the units digit of (0 - (-48)/(-9))*r?
6
What is the tens digit of -3 - (-82 + 4 - 1)?
7
Let s be -1 + 110/((-6)/(-3)). Suppose -s + 2 = -2*i. Suppose 0 = c, 3*o - 4*c + 2 = i. What is the units digit of o?
8
Suppose -5*o + 4*b - 4 = -50, 2*o - 24 = 3*b. Suppose u = 4*u - o. Suppose 3*z - 5*p = 42, z - u*z + 4*p = -14. What is the tens digit of z?
1
Let c = 21 - 31. Let t be 5946/15 - (-4)/c. What is the tens digit of (-3)/2*t/(-27)?
2
Suppose -8*q = -11*q. Suppose 3*o + q = 3. What is the units digit of o?
1
Let i = 325 - 149. What is the hundreds digit of i?
1
Let l(q) be the first derivative of 2*q**3/3 - 3*q**2/2 + q + 1. What is the units digit of l(2)?
3
Let d(m) = -2*m**3 - 6*m**2 + 3*m - 1. Let k be d(-5). Suppose -k + 24 = -5*z. What is the units digit of z?
2
Let g = 0 - -34. What is the units digit of g?
4
Suppose -6 + 48 = q. What is the tens digit of q?
4
Let r be (-4)/(-6) - (-55)/3. Suppose 3*i + q - r + 5 = 0, -5*q = -3*i - 16. What is the units digit of i?
3
Let b(a) = -37*a + 1. What is the tens digit of b(-2)?
7
Suppose 489 = -7*j + 2631. What is the hundreds digit of j?
3
Suppose 0 = 3*m + m - 5*y + 320, -2*m - 134 = 4*y. Let g be (2 - m/6)*2. Let u = g - 16. What is the units digit of u?
3
Let a be (0 - 1) + -2 - -8. Let v(r) = r**3 - 5*r**2 + 3*r - 2. Let x be v(a). Suppose x = 5*w - 37. What is the units digit of w?
0
What is the tens digit of ((-3)/(-2))/(15/580)?
5
Suppose 13 - 3 = 5*a, -3*g = 4*a - 113. What is the tens digit of g?
3
What is the units digit of 832/6 + 3*(-18)/81?
8
Let h = -5 - -8. Let z(q) = 9*q**3 - 5*q**2 + 19*q - 15. Let t(p) = -5*p**3 + 3*p**2 - 10*p + 8. Let a(u) = 11*t(u) + 6*z(u). What is the tens digit of a(h)?
1
Suppose 7 + 8 = -3*f. Let t(q) = q**3 + 5*q**2 - 2*q + 7. What is the units digit of t(f)?
7
Let d(q) = 39*q**2 + q + 1. Let l be d(-1). Let s = l - 5. What is the tens digit of s?
3
What is the units digit of (-4)/((-4)/(-3)) - (-95 - 4)?
6
Let h = 8 + -19. Let p = h - -8. Let k = 7 + p. What is the units digit of k?
4
Let o(t) = 2*t - 4. Let m(h) = 3*h - 1. Let k be m(2). Suppose k = -5*n - 5*d, d + 6 = 2*n - 4. What is the units digit of o(n)?
2
Let i(h) = 2*h - h**2 - 6 + 2 - 8*h + 3. Let p be i(-5). Suppose -2*z + 0 = -p. What is the units digit of z?
2
Let f = 11 + 1. Suppose q - 4 = t, 5*q - 2*t = q + f. What is the units digit of q?
2
Let h(w) = -7*w + 2. Let z(u) = -u**2 - 5*u + 4. Let x be z(-6). Let b be h(x). Suppose 0 = 3*a - 5 - b. What is the units digit of a?
7
Let y be -9*(2/1)/(-6). Suppose 2*o - 5*s + 6 = -3, -4*o = -3*s - y. Suppose 0 = -o*x - x + 28. What is the units digit of x?
7
Suppose 3*r + r - 16 = 0. Suppose 16 + 0 = r*h. Suppose -n + 3 = -h. What is the units digit of n?
7
Let n = 11 + -6. Let r be ((-4)/n)/(2/(-5)). Suppose u + 5 = r*u. What is the units digit of u?
5
Let u = 80 + -51. What is the units digit of u?
9
Suppose -1130 = -6*f + 274. What is the hundreds digit of f?
2
Let x be 6/5 - 7/35. Let m = 32 + x. What is the units digit of m?
3
What is the units digit of 5*(-16)/(-60)*9?
2
Let c be 10 + (-2)/(-2)*-1. Suppose l - 3*p + 7 = 0, -4*l - 3*p + 18 = 1. Let g = c - l. What is the units digit of g?
7
Suppose -z - 5*b = 15, -z - b + 4*b + 17 = 0. Suppose -1 = -2*p + z. What is the units digit of p?
3
Suppose f = 2*j - 92, -56 = -5*j + 4*j - 2*f. What is the units digit of j?
8
Let q = -1 + 0. Let t(h) = h**3 - 4*h**2 + 5. Let n be t(4). Let k = q + n. What is the units digit of k?
4
What is the units digit of (-15)/20*-12*6?
4
Let l(s) = -s**3 - 4*s**2 - 8*s + 5. Let t be l(-6). Suppose -9*h + t = -4*h. What is the units digit of h?
5
What is the tens digit of 37*(2/2 - 0)?
3
Let q(i) = 27*i**3 - i + 1. Let u be q(1). Let a = -44 + u. Let k = a + 26. What is the units digit of k?
9
Let q = -337 - -603. What is the hundreds digit of q?
2
Suppose -4*y = -3*q + 26, -2*q - 30 + 9 = 5*y. Suppose q*f + f = 48. What is the units digit of f?
6
Let u(x) = -3*x**2 + 3*x + 2. Let j be u(5). Let c be (-1)/4 - j/8. Let n = 1 + c. What is the units digit of n?
8
Suppose 0 = -3*j + 8*j - 410. What is the tens digit of j?
8
Suppose 2*p = 3*p - 1. What is the units digit of p?
1
Let k be (0 - 2/3)*-3. Suppose 0 = k*z - z - 4*y + 18, 4*z + 16 = 2*y. What is the units digit of z + 5 + -2 + 7?
8
Suppose 4*s - 12 = 0, -4*g + s + 100 = -3*s. Let l = g + -15. Suppose l = 4*u + 3*n, 0*n = -4*u + n + 17. What is the units digit of u?
4
Let t = -8 - -16. Suppose -3*x = -4*a + 5, 5*a = 4*x + t - 1. What is the units digit of (-92)/(-12) + (-1)/x?
8
Let z(c) = -c**2 + 15*c + 11. What is the tens digit of z(14)?
2
Let u(t) = 5*t**2 + t + 1. What is the tens digit of u(2)?
2
Suppose -680 = -9*k + 4*k. What is the units digit of k?
6
Suppose 5*t = 3*t + 8. Suppose -23 = -t*m + 9. What is the units digit of m?
8
What is the tens digit of 2 + 3 + -2 - 3*-4?
1
Let f = 332 + 23. What is the hundreds digit of f?
3
Suppose -3*f + 513 + 156 = 0. What is the hundreds digit of f?
2
Suppose -f + 2 = -3*f. What is the units digit of 5*(f/(-5) - -1)?
6
Let l(m) = 2*m - 12. Let h(w) = -w**3 + 6*w**2 - 4*w + 2. Let f be h(4). Let i = 29 - f. What is the units digit of l(i)?
0
Let c = -4 + 4. Suppose c = -4*n - 1 + 25. What is the units digit of n?
6
Let j(g) = g**3 + 9*g**2 + 8*g + 9. Let n be j(-8). Suppose -y + n + 12 = 0. What is the units digit of y?
1
Let t(u) = 3*u**3 + 11*u**2 - 3*u + 25. Let n(a) = -4*a**3 - 17*a**2 + 4*a - 37. Let r(v) = -5*n(v) - 7*t(v). What is the units digit of r(8)?
8
What is the units digit of (4 - 2568/(-6))/1?
2
Let o = -9 - 9. Let l = o + 22. What is the units digit of l?
4
Suppose -k + 7 = -4*m - 8, -2*k - 4*m = 30. Let q(y) = -y**3 - 5*y**2 - 3*y - 1. What is the units digit of q(k)?
4
Let y be 0 + (-1 + 7)*24. Suppose 2*d + 4*x + 22 = 76, -5*d = x - y. What is the units digit of d?
9
Suppose 5 = -x + 18. What is the tens digit of x?
1
Let n = -174 - -311. What is the hundreds digit of n?
1
Let p be (-1)/2 + (-63)/(-14). Suppose 5*a + p*g = 61, 6*g = 2*g - 4. Let x = -9 + a. What is the units digit of x?
4
Let j(k) = k**2 + 7*k + 8. Let z(y) = 3*y - 13. Let u be z(9). Suppose u = -2*q - 0. What is the units digit of j(q)?
8
Let i = -5 + 7. Let m(d) = -2 - d + 5*d - d + d**3 - d**2 + 0. What is the units digit of m(i)?
8
Let f(h) = 4*h**2 - 1. Let m be f(-1). Suppose m = 2*g - 5. What is the units digit of g?
4
Suppose -4*a + 193 = 41. What is the tens digit of a?
3
Let f(h) = h**3 + 7*h**2 - h - 7. Let l be f(-7). Suppose l - 3 = -j. What is the units digit of j?
3
Let p(n) be the third derivative of n**4/12 - n**2. Let c be (-2)/(-6) - (-22)/6. What is the units digit of p(c)?
8
Suppose 4*m - 3*m - 200 = -5*i, i = 5. What is the tens digit of m?
7
Let o = -11 - -45. What is the tens digit of o?
3
Suppose 2*n - 28 = 26. Let z(g) = g**3 + 6*g**2 - g + 8. Let f be z(-6). Let q = n - f. What is the tens digit of q?
1
Suppose -4*h = 4 - 8. Let d(i) be the first derivative of i**2 + 3. What is the units digit of d(h)?
2
Let q(b) = 13*b**2. Suppose 3*n - 2 = 1. What is the 